pose -3*y = 2*y + i. Let o(d) = -2*d + 5. Is o(y) prime?
True
Let s = -234 + 18287. Is s prime?
False
Let d(h) = -3*h - 13. Let v(r) = -13*r - 52. Let j(o) = 9*d(o) - 2*v(o). Let q be j(-11). Is q - (-177 - (3 - 1)) composite?
True
Let m(n) = 5*n**3 + 3*n**2 + 6*n - 1. Let u(b) = -4*b**3 - 2*b**2 - 5*b + 2. Let d(l) = 2*m(l) + 3*u(l). Let q = -445 + 442. Is d(q) a composite number?
False
Suppose -m = m - 30. Let z = -11 + m. Suppose 0 = 5*s + z*u - 465, 4*s - u = s + 262. Is s a composite number?
False
Let x = -555 - -62. Let b = 1542 + x. Is b prime?
True
Let z(j) be the third derivative of j**6/120 - j**5/5 - 19*j**4/24 + j**3/6 - 10*j**2. Is z(14) a composite number?
False
Suppose -1255 = -0*i - i. Suppose 9*b - 3*q = 4*b + i, b = 2*q + 258. Let y = 511 - b. Is y prime?
True
Suppose 2*o - 2*r = -5*r + 975, -2*o - 4*r = -974. Suppose 6*f = 3*f + o. Is f a prime number?
True
Let y be (36628/(-10))/(4/20). Let k be (-13 - -12) + y/(-2). Is k/48 + 1/4 a composite number?
False
Let q be ((-805)/92)/((-1)/112). Suppose -3*d - q = -5*p, -5*d + 23 = -p + 197. Is p a composite number?
False
Let w(s) = -s**3 + s**2 + 2*s + 1. Let o be w(3). Let n(x) = x + 15. Let m be n(o). Let l(i) = 51*i - 1. Is l(m) prime?
False
Suppose 9*r - 76399 = 668. Is r prime?
True
Let m = 11 + -13. Is 303 + 2/m + 0 + 3 composite?
True
Let d be -17 - -18 - -1*3. Suppose d*j - 4014 = -2*j. Is j composite?
True
Let p be 2 + (2 + 2)/(-4). Let o be ((1 - p)*-1)/1. Is -3 + (o - -1) - -23 a composite number?
True
Let l be (-66)/8 - (-15)/60. Let a be (-11718)/l - 3/(-12). Suppose a = 8*s - 3*s. Is s a composite number?
False
Suppose -p + 6 + 1 = 0. Suppose 0 = 4*y - p*y - 12. Let u = 11 + y. Is u a composite number?
False
Let f be ((-80)/32)/(1/(-2)). Let t(g) = g**3 - 6*g**2 + 2*g + 7. Let m be t(f). Let v = 11 - m. Is v a composite number?
False
Let d = -6530 - -10173. Is d a composite number?
False
Let q(l) be the first derivative of -39*l**2 + 8*l - 7. Let h be q(5). Let u = 543 + h. Is u a prime number?
False
Let j = -11 - -11. Suppose j = 2*d - a + 761, a + 388 = -d - 0*a. Let b = d + 560. Is b a composite number?
True
Suppose -6452 = -2*b + o + 105, 3*b - 2*o = 9837. Is b composite?
True
Suppose -2*p = 4*t - 68, 5*t + 2*p - 88 = p. Let i = t + -10. Suppose 5*k - 75 = -5*h, -3*k + i*h - 3*h = -77. Is k a composite number?
False
Let n = -78 - -106. Suppose -4*g = -184 - n. Is g a composite number?
False
Let t(x) = -20*x - 20. Let z(b) = -4*b - 4. Let y(l) = 3*t(l) - 16*z(l). Let k be y(-2). Is (-2)/k*(70 - 2) prime?
False
Let k = 67061 - 21270. Is k composite?
True
Suppose 3*g - 108140 + 3927 = -4*a, -34737 = -g - 2*a. Is g composite?
False
Let y(z) = 960*z**2 - 4*z + 3. Let x be y(1). Let l = x - 330. Is l a composite number?
True
Suppose 2*t = 7*t + 5*h - 3390, -h + 2709 = 4*t. Is t a composite number?
False
Suppose -10 = -c + 5*m, -m - 1 = 3*c + 1. Suppose 3*g - 4*g + 4*j = -419, 0 = -2*g + 3*j + 838. Suppose c*p = -p + g. Is p a prime number?
True
Is ((-3)/(-2))/(24/32752) prime?
False
Let o = 13 - 13. Suppose o*z - 402 = -2*z. Suppose -4*x - 641 = -3*j, 0 = -j + x - 6*x + z. Is j prime?
True
Suppose 1030 = 4*z - k, 3*z - 2*k = -k + 773. Suppose 0 = -2*o + 705 + z. Is o a composite number?
True
Let i = -4415 - -13276. Is i a prime number?
True
Let b be 172*((-316)/(-16) + 2). Suppose 5*z = -4*i + b, -z + 2 = -3. Is i prime?
True
Let o(y) = -6 + 0*y**3 + 7*y - y**3 + 0*y**3 - 16*y - 13*y**2. Let v be o(-13). Is ((-10)/15)/((-2)/v) prime?
True
Let t be (6 + -3)*430/6. Suppose -76 = 3*s + t. Is 3*s/(-3)*1 a prime number?
True
Suppose 10*r - 6*r - 4 = 0. Let d(j) = 405*j + 4. Is d(r) a composite number?
False
Let b = -3833 - -5702. Suppose -1862 = -7*n + b. Is n a composite number?
True
Let s = 3054 + 2207. Is s a composite number?
False
Let l(w) = 39*w**2 - 6*w - 14. Let h be l(-7). Suppose -k - 4*d + h = 4*k, 5*d - 1935 = -5*k. Is k a composite number?
True
Suppose 0 = -2*c + 7*c + 10, -762 = 3*u - 3*c. Let v = u - -88. Let s = -89 - v. Is s composite?
False
Is (3588 - -5)*2/(-6)*-3 prime?
True
Let v(z) = z**3 - 14*z**2 - 9*z. Let m be v(15). Let d = 212 - m. Is d a prime number?
False
Let h be ((-16)/40)/(1/25). Is ((-191)/5)/(h/50) composite?
False
Is (-3 - 3)*(92915/(-30) + 5) prime?
True
Let x = 19 - 6. Suppose -x = -3*j + 8. Suppose 274 = 3*a + j. Is a composite?
False
Suppose 3*b + 2*z = 2, 2*z - 15 = 5*z. Suppose 520 = r + 3*r + b*h, 2*r - 5*h = 246. Let p = r + -22. Is p a composite number?
True
Suppose -4*s + 32 = -4*h, -s + 5*h = -6*s - 10. Let x(q) = -2*q - 8. Let a be x(-7). Suppose -b - s*y + a*y = -73, 0 = -5*b + 4*y + 343. Is b prime?
True
Suppose 9*h - 14756 = 30811. Is h a composite number?
True
Suppose -16564 = -10*z + 21766. Is z composite?
False
Is 1213 - (8 + -17) - -1 prime?
True
Let j = 2668 - 1011. Is j a prime number?
True
Let u = -12 - -17. Suppose u*y = 4*d - 642, -d + 2*y + 161 = y. Is d a prime number?
True
Let a(u) be the second derivative of 2*u**3/3 - 9*u**2/2 - u. Is a(15) a prime number?
False
Suppose 0*o + 4*o = 8. Suppose -o*w = 88 - 234. Suppose -u + w = -16. Is u a composite number?
False
Let m(x) = 83*x**3 - 2*x**2 + 3*x - 7. Let y(p) = -p**3 - 19*p**2 - p - 17. Let n be y(-19). Is m(n) a prime number?
False
Let p = -47005 - -134016. Is p composite?
False
Suppose -16442 + 172249 = 4*y - q, 3*y = 2*q + 116849. Is y prime?
True
Let q = -144 + 281. Let t be 1 - (0 + -430)/2. Let b = t - q. Is b a prime number?
True
Let n be (-20)/(-2)*6/12. Suppose -14380 = -n*g + g. Is g a prime number?
False
Let d be -1*(-2876)/8*2. Suppose i - d = 422. Is i a composite number?
True
Let x(t) = -3*t**3 + 8*t**2 + 4*t - 2. Suppose 3*l = 2*p - 2, -p = -l + 2*p - 3. Let m = l - 5. Is x(m) a composite number?
True
Let m(f) be the third derivative of 31*f**5/15 + f**4/3 - 13*f**3/6 - 4*f**2. Is m(4) a prime number?
True
Suppose -4 = -7*y + 5*y. Suppose -y*s - 4*r + 784 = 0, 5*s - 2*r - 1924 = -0*r. Suppose 5*i = -5*w + 1830, -3*i + 2*i + 3*w = -s. Is i a composite number?
True
Let h(c) = -2*c**3 + 40*c**2 - 13*c + 31. Is h(16) prime?
True
Let l = -38 - -39. Is 17/(l/((-68)/(-4))) a prime number?
False
Suppose 0 = -4*s - 5*p - 3, -5*s + 2*p + 30 = 9. Suppose -s*b + 492 = -3537. Is b a composite number?
True
Let v be 0 + -1 + 1 - 4. Is -2 - (-722 + 12/v) composite?
True
Suppose -11*v - n = -6*v - 81810, 5*n = 25. Is v prime?
True
Let j = -13 + 13. Suppose 4 = 3*c - 8, -2*c = -3*p + 262. Is j + -1 + 2 + p composite?
True
Let v be (2 + -2)/(-4 + 2) - -2. Let o(c) = 35*c + 24*c - 15*c - 1. Is o(v) a prime number?
False
Suppose 6*s = 4*f + 3*s - 16, -3*f + 12 = 2*s. Suppose 5*x - f*x = 6. Is x a composite number?
True
Suppose x = 4*x - 21. Suppose i + 5*g + 15 = 0, -x*i = -2*i - 2*g - 6. Suppose i = 5*a - 1288 + 173. Is a a composite number?
False
Let r(d) = -24*d**3 - d**2 + 4*d + 5. Let s be -5 - (-3 + 15)/(-4). Let n be r(s). Let g = n + 24. Is g composite?
True
Suppose -t + 3*t = 196. Let p = t - -93. Is p composite?
False
Let t(d) = 3*d - 10. Let v be t(4). Suppose -2*n + 1698 = -5*c, -v*n + 1737 = 4*c + 75. Is n composite?
False
Let b(k) = -1 - 35*k + 22*k + 14*k. Let p be b(3). Is (1 - p)/((-5)/610) composite?
True
Let k be ((-6)/10)/(0 - (-1)/15). Let m = 2 - 2. Is (101 - m) + 36/k prime?
True
Let k = 47 - 36. Suppose -d + k*d = 5330. Is d a prime number?
False
Let s(x) = -x**2 + 6*x - 4. Let p be s(2). Suppose -4*j - 4*t + 460 = 0, -p = 5*t - 4*t. Is j prime?
False
Is ((-156)/(-8)*29 - -4)*2 a prime number?
False
Suppose 5*f - 15 = 0, -20*y + 22*y = 2*f + 1152. Is y prime?
False
Suppose -93*t + 27*t = -331914. Is t prime?
False
Suppose 661 = -6*r + 5*r. Let l = -1651 - -2869. Let i = l + r. Is i prime?
True
Let a = -156 - -160. Suppose -2*p - 3*j + 1036 = 0, -5*j - 3056 + 962 = -a*p. Is p prime?
True
Let t be ((-5)/(-2))/(11/(-22)). Is t/(35/2) - 4572/(-28) composite?
False
Is 10/1 - (-3182 + 45) a composite number?
True
Suppose -3*p + 3749 = -h, 4*p - 5*h = 2780 + 2204. Suppose -5*t + p = -734. Is t prime?
True
Let j = -34 + 7. Let z = j - -33. Let o(y) = 12*y**2 + 2*y - 1. Is o(z) prime?
True
Let w(p) = 6*p**2 - 9*p + 5. Let v(f) = 7*f - 8. Let d be v(2). Is w(d) prime?
True
Let b = -26843 - -55654. Is b prime?
False
Suppose -5*c = -5701 - 3419. Su